{"id":7390,"date":"2022-10-21T15:18:43","date_gmt":"2022-10-21T13:18:43","guid":{"rendered":"https:\/\/www.mirabel-4vaulx.com\/?page_id=7390"},"modified":"2025-06-25T11:35:04","modified_gmt":"2025-06-25T09:35:04","slug":"tit-home","status":"publish","type":"page","link":"https:\/\/www.mirabel-4vaulx.com\/de\/tit-home\/","title":{"rendered":"Tit'home"},"content":{"rendered":"<h1 class=\"wp-block-heading\" id=\"location-de-mobil-home-au-camping-4-etoiles-en-loire-atlantique\"><strong>Le Tit'Home, die Ferienunterkunft in Saint-Cast-le-Guildo<\/strong><\/h1>\n\n\n\n<p class=\"has-text-align-center\">F\u00fcr einen gelungenen Aufenthalt in der Region C\u00f4tes d'Armor sollten Sie sich f\u00fcr die Anmietung eines Tit'home auf dem Campingplatz Les 4 Vaulx entscheiden.<\/p>\n\n\n\n<div class=\"wp-block-media-text alignwide has-media-on-the-right is-stacked-on-mobile is-image-fill-element\"><div class=\"wp-block-media-text__content\">\n<h2 class=\"wp-block-heading\"><strong>Das Mobilheim mit Zeltplane, ohne Sanit\u00e4ranlagen f\u00fcr Ihren Aufenthalt in der Bretagne<\/strong><\/h2>\n\n\n\n<figure class=\"wp-block-image size-full\"><img loading=\"lazy\" decoding=\"async\" width=\"50\" height=\"8\" src=\"https:\/\/www.mirabel-4vaulx.com\/wp-content\/uploads\/2022\/11\/barre-bleue.png\" alt=\"camping bretagne saint cast le guildo\" class=\"wp-image-8324\"\/><\/figure>\n\n\n\n<p><a href=\"https:\/\/www.mirabel-4vaulx.com\/de\/unterkunft\/tithome\/\">Das Tit'home,<\/a> ist ein <strong>Unterkunft von 25m\u00b2<\/strong> zwischen einem Mobilheim und einer Zeltplane. Ausgestattet mit einer <strong>K\u00fcchenzeile,<\/strong> von <strong>zwei Zimmer<\/strong> mit Doppelbett und Ausziehbett, einer <strong>\u00fcberdachte Terrasse<\/strong> und einem <strong>Gartenm\u00f6bel<\/strong>, Sie werden dort eine angenehme Zeit verbringen. Ihre einfache und praktische Ferienvermietung f\u00fcr Ihren Aufenthalt in Les 4 Vaulx en Bretagne.<\/p>\n\n\n\n<p>Vom 01\/05 bis zum 15\/09 bestimmen Sie Ihren Ankunftstag und die Dauer Ihres Aufenthalts selbst. Ihre Wochenenden oder Kurzaufenthalte sind ab 2 N\u00e4chten und im Sommer ab 3 N\u00e4chten m\u00f6glich.<\/p>\n\n\n\n<p><\/p>\n\n\n\n<div class=\"wp-block-group alignwide is-layout-flow wp-block-group-is-layout-flow\"><\/div>\n<\/div><figure class=\"wp-block-media-text__media\"><img loading=\"lazy\" decoding=\"async\" width=\"1024\" height=\"683\" src=\"https:\/\/www.mirabel-4vaulx.com\/wp-content\/uploads\/2022\/10\/tithome-location-repos-1024x683.jpg\" alt=\"tit home\" class=\"wp-image-7634 size-full\" style=\"object-position:50% 50%\" srcset=\"https:\/\/www.mirabel-4vaulx.com\/wp-content\/uploads\/2022\/10\/tithome-location-repos-1024x683.jpg 1024w, https:\/\/www.mirabel-4vaulx.com\/wp-content\/uploads\/2022\/10\/tithome-location-repos-300x200.jpg 300w, https:\/\/www.mirabel-4vaulx.com\/wp-content\/uploads\/2022\/10\/tithome-location-repos-768x512.jpg 768w, https:\/\/www.mirabel-4vaulx.com\/wp-content\/uploads\/2022\/10\/tithome-location-repos.jpg 1200w\" sizes=\"auto, (max-width: 1024px) 100vw, 1024px\" \/><\/figure><\/div>\n\n\n\n<div style=\"height:46px\" aria-hidden=\"true\" class=\"wp-block-spacer\"><\/div>\n\n\n\n<h2 class=\"wp-block-heading\">Vermietung von eingerichteten Zelten in den C\u00f4tes d'Armor<\/h2>\n\n\n\n<figure class=\"wp-block-image size-full\"><img loading=\"lazy\" decoding=\"async\" width=\"50\" height=\"8\" src=\"https:\/\/www.mirabel-4vaulx.com\/wp-content\/uploads\/2022\/11\/barre-bleue.png\" alt=\"camping bretagne saint cast le guildo\" class=\"wp-image-8324\"\/><\/figure>\n\n\n<p><ctv-availability data-product-id=\"78319\" data-background-color=\"#FFFFFFFF\" data-month=\"05\"><\/ctv-availability><\/p>\n\n\n\n<div style=\"height:30px\" aria-hidden=\"true\" class=\"wp-block-spacer\"><\/div>\n\n\n\n<div class=\"wp-block-columns is-layout-flex wp-container-core-columns-is-layout-28f84493 wp-block-columns-is-layout-flex\">\n<div class=\"wp-block-column has-white-color has-text-color is-layout-flow wp-block-column-is-layout-flow\" id=\"options\">\n<div class=\"wp-block-group card h-100 pl-4 pr-4 pt-4 rounded-lg border border-info is-layout-flow wp-block-group-is-layout-flow\">\n<p class=\"has-text-align-left has-turquoise-color has-text-color has-medium-font-size\"><img decoding=\"async\" class=\"wp-image-1933\" style=\"width: 50px;\" src=\"https:\/\/www.campinglarenaudiere.com\/wp-content\/uploads\/2021\/12\/etoile.png\" alt=\"Stern\">   &nbsp;      <strong>OPTIONAL<\/strong><\/p>\n\n\n\n<figure class=\"wp-block-table text-left table-tarifs\"><table class=\"has-turquoise-color has-text-color\"><tbody><tr><td><mark style=\"background-color:rgba(0, 0, 0, 0)\" class=\"has-inline-color has-orange-color\"><strong><mark style=\"background-color:rgba(0, 0, 0, 0)\" class=\"has-inline-color has-orange-color\">\u2022<\/mark> <\/strong> <\/mark><strong>Bettlaken mieten<\/strong>s<\/td><td class=\"has-text-align-left\" data-align=\"left\"><strong>12\u20ac\/15\u20ac<\/strong>                 <\/td><\/tr><tr><td><strong> <mark style=\"background-color:rgba(0, 0, 0, 0)\" class=\"has-inline-color has-orange-color\">\u2022<\/mark> <\/strong> <strong>Verleih von Babyausstattungen<br><\/strong><em>(Kinderbett, T\u00f6pfchen, Badewanne und Hochstuhl) <\/em><\/td><td class=\"has-text-align-left\" data-align=\"left\"><strong>3\u20ac\/Tag<\/strong><\/td><\/tr><tr><td><strong> <mark style=\"background-color:rgba(0, 0, 0, 0)\" class=\"has-inline-color has-orange-color\">\u2022<\/mark> <\/strong> <strong>Haustiere akzeptiert  <em><br><\/em><\/strong><em>(Katze und Hunde, au\u00dfer Kat 1 und 2, <\/em><br><em>maximal 2 pro Stellplatz)<\/em> <\/td><td class=\"has-text-align-left\" data-align=\"left\"><strong>3\u20ac\/Nacht<\/strong><br><\/td><\/tr><tr><td><strong><mark style=\"background-color:rgba(0, 0, 0, 0)\" class=\"has-inline-color has-orange-color\"> \u2022<\/mark> Zus\u00e4tzliches Fahrzeug<\/strong><\/td><td class=\"has-text-align-left\" data-align=\"left\"><strong>3\u20ac\/Tag<\/strong><\/td><\/tr><tr><td><strong> <mark style=\"background-color:rgba(0, 0, 0, 0)\" class=\"has-inline-color has-orange-color\">\u2022<\/mark> Kassettenentleerung Wohnmobil<\/strong><\/td><td class=\"has-text-align-left\" data-align=\"left\"><strong>5\u20ac<\/strong><\/td><\/tr><\/tbody><\/table><\/figure>\n<\/div>\n<\/div>\n\n\n\n<div class=\"wp-block-column is-vertically-aligned-top has-orange-color has-white-color has-text-color is-layout-flow wp-block-column-is-layout-flow\">\n<div class=\"wp-block-cover aligncenter card h-100 pl-4 pr-4 pt-4 rounded-lg border border-info\"><img decoding=\"async\" class=\"wp-block-cover__image-background wp-image-1376\" alt=\"\" src=\"https:\/\/www.campinglarenaudiere.com\/wp-content\/uploads\/2022\/01\/services-camping-Pornic.jpg\" style=\"object-position:61% 50%\" data-object-fit=\"cover\" data-object-position=\"61% 50%\"\/><span aria-hidden=\"true\" class=\"wp-block-cover__background has-turquoise-background-color has-background-dim-80 has-background-dim\"><\/span><div class=\"wp-block-cover__inner-container is-layout-flow wp-block-cover-is-layout-flow\">\n<p class=\"has-medium-font-size\"><img decoding=\"async\" class=\"wp-image-1977\" style=\"width: 70px;\" src=\"https:\/\/www.campinglarenaudiere.com\/wp-content\/uploads\/2021\/12\/smile-blanc.png\" alt=\"\">    &nbsp;  <strong>PRAXIS<\/strong><\/p>\n\n\n\n<div style=\"height:18px\" aria-hidden=\"true\" class=\"wp-block-spacer\"><\/div>\n\n\n\n<p class=\"wp-block-sev-picto-text\"><i class=\"fa fa-calendar-alt\"><\/i><span>Reservierung f\u00fcr mindestens 2 N\u00e4chte in der Nebensaison und mindestens 3 N\u00e4chte im Juli und August<\/span><\/p>\n\n\n\n<p class=\"wp-block-sev-picto-text\"><i class=\"fa fa-clock\"><\/i><span>Anreise ab 15 Uhr und Abreise bis 10 Uhr f\u00fcr Mietobjekte<\/span><\/p>\n\n\n\n<div style=\"height:18px\" aria-hidden=\"true\" class=\"wp-block-spacer\"><\/div>\n\n\n\n<p class=\"has-text-align-center\"><strong>\u00d6ffnungszeiten der Rezeption <\/strong> <br><img decoding=\"async\" class=\"wp-image-4325\" style=\"width: 49px;\" src=\"https:\/\/www.campinglarenaudiere.com\/wp-content\/uploads\/2021\/12\/barre-camping-1.png\" alt=\"\"> <\/p>\n\n\n\n<p class=\"has-text-align-center\">Nebensaison: 10:00 bis 12:00 Uhr und 14:00 bis 18:00 Uhr<br>Juli - August<em>&nbsp;<\/em>: 9h bis 12h und 14h bis 19h<\/p>\n\n\n\n<p><\/p>\n<\/div><\/div>\n<\/div>\n<\/div>\n\n\n\n<p><\/p>\n\n\n\n<p class=\"has-text-align-center texte-rond mt-5 has-large-font-size\">Was es auf dem Campingplatz zu entdecken gibt<\/p>\n\n\n\n<div class=\"wp-block-columns are-vertically-aligned-center h-20 front-page-section grey is-layout-flex wp-container-core-columns-is-layout-28f84493 wp-block-columns-is-layout-flex\">\n<div class=\"wp-block-column is-layout-flow wp-block-column-is-layout-flow\"><\/div>\n\n\n\n<div class=\"wp-block-column is-layout-flow wp-block-column-is-layout-flow\">\n<div class=\"wp-block-create-block-sevgutenberg-navigation\"><aside class=\"encart-sev-navigation small carre\"><a href=\"https:\/\/www.mirabel-4vaulx.com\/de\/restaurant-bar-snack\/\" class=\"d-flex flex-column align-items-center\"><div class=\"encart-title\"><span>Restaurant Brasserie<\/span><\/div><div class=\"vague\"><\/div><img decoding=\"async\" src=\"https:\/\/www.mirabel-4vaulx.com\/wp-content\/uploads\/2022\/10\/la-cabane-viande-plat-frites.jpg\" alt=\"flach die H\u00fctte\"\/><div class=\"ligne\"><\/div><div class=\"hover\"><\/div><\/a><\/aside><\/div>\n<\/div>\n\n\n\n<div class=\"wp-block-column is-vertically-aligned-center is-layout-flow wp-block-column-is-layout-flow\">\n<div class=\"wp-block-create-block-sevgutenberg-navigation\"><aside class=\"encart-sev-navigation small carre\"><a href=\"https:\/\/www.mirabel-4vaulx.com\/de\/campingdienste\/\" class=\"d-flex flex-column align-items-center\"><div class=\"encart-title\"><span>Dienste<\/span><\/div><div class=\"vague\"><\/div><img decoding=\"async\" src=\"https:\/\/www.mirabel-4vaulx.com\/wp-content\/uploads\/2022\/10\/information-touristiques-accueil.jpg\" alt=\"Touristeninformationen\"\/><div class=\"ligne\"><\/div><div class=\"hover\"><\/div><\/a><\/aside><\/div>\n<\/div>\n\n\n\n<div class=\"wp-block-column is-vertically-aligned-center is-layout-flow wp-block-column-is-layout-flow\">\n<div class=\"wp-block-create-block-sevgutenberg-navigation\"><aside class=\"encart-sev-navigation small carre\"><a href=\"https:\/\/www.mirabel-4vaulx.com\/de\/die-erfahrungen\/\" class=\"d-flex flex-column align-items-center\"><div class=\"encart-title\"><span>Erfahrungen<\/span><\/div><div class=\"vague\"><\/div><img decoding=\"async\" src=\"https:\/\/www.mirabel-4vaulx.com\/wp-content\/uploads\/2022\/10\/2-peche-a-pied-enfant-balade-1.jpg\" alt=\"Angeln\"\/><div class=\"ligne\"><\/div><div class=\"hover\"><\/div><\/a><\/aside><\/div>\n<\/div>\n\n\n\n<div class=\"wp-block-column is-layout-flow wp-block-column-is-layout-flow\"><\/div>\n<\/div>","protected":false},"excerpt":{"rendered":"<p>Le Tit\u2019Home, la location de vacances \u00e0 Saint-Cast-le-Guildo Pour un s\u00e9jour r\u00e9ussi dans les C\u00f4tes d\u2019Armor, choisissez la location de [&hellip;]<\/p>\n","protected":false},"author":1,"featured_media":0,"parent":0,"menu_order":0,"comment_status":"closed","ping_status":"closed","template":"","meta":{"_seopress_robots_primary_cat":"","_seopress_titles_title":"Tit'home au camping les 4 Vaulx c\u00f4te d'Armor","_seopress_titles_desc":"Partez en tente am\u00e9nag\u00e9e \u00e0 Saint Cast le Guildo pour des vacances en camping au bord de la plage des 4 Vaulx. Nature, p\u00eache et restaurant au pied du camping.","_seopress_robots_index":"","footnotes":""},"class_list":["post-7390","page","type-page","status-publish","hentry"],"_links":{"self":[{"href":"https:\/\/www.mirabel-4vaulx.com\/de\/wp-json\/wp\/v2\/pages\/7390","targetHints":{"allow":["GET"]}}],"collection":[{"href":"https:\/\/www.mirabel-4vaulx.com\/de\/wp-json\/wp\/v2\/pages"}],"about":[{"href":"https:\/\/www.mirabel-4vaulx.com\/de\/wp-json\/wp\/v2\/types\/page"}],"author":[{"embeddable":true,"href":"https:\/\/www.mirabel-4vaulx.com\/de\/wp-json\/wp\/v2\/users\/1"}],"replies":[{"embeddable":true,"href":"https:\/\/www.mirabel-4vaulx.com\/de\/wp-json\/wp\/v2\/comments?post=7390"}],"version-history":[{"count":43,"href":"https:\/\/www.mirabel-4vaulx.com\/de\/wp-json\/wp\/v2\/pages\/7390\/revisions"}],"predecessor-version":[{"id":10194,"href":"https:\/\/www.mirabel-4vaulx.com\/de\/wp-json\/wp\/v2\/pages\/7390\/revisions\/10194"}],"wp:attachment":[{"href":"https:\/\/www.mirabel-4vaulx.com\/de\/wp-json\/wp\/v2\/media?parent=7390"}],"curies":[{"name":"WordPress","href":"https:\/\/api.w.org\/{rel}","templated":true}]}}

<h1 class="wp-block-heading" id="location-de-mobil-home-au-camping-4-etoiles-en-loire-atlantique"><strong>Le Tit'Home, die Ferienunterkunft in Saint-Cast-le-Guildo</strong></h1>



<p class="has-text-align-center">Für einen gelungenen Aufenthalt in der Region Côtes d'Armor sollten Sie sich für die Anmietung eines Tit'home auf dem Campingplatz Les 4 Vaulx entscheiden.</p>



<div class="wp-block-media-text alignwide has-media-on-the-right is-stacked-on-mobile is-image-fill-element"><div class="wp-block-media-text__content">
<h2 class="wp-block-heading"><strong>Das Mobilheim mit Zeltplane, ohne Sanitäranlagen für Ihren Aufenthalt in der Bretagne</strong></h2>



<figure class="wp-block-image size-full"><img loading="lazy" decoding="async" width="50" height="8" src="https://www.mirabel-4vaulx.com/wp-content/uploads/2022/11/barre-bleue.png" alt="camping bretagne saint cast le guildo" class="wp-image-8324"/></figure>



<p><a href="https://www.mirabel-4vaulx.com/de/unterkunft/tithome/">Das Tit'home,</a> ist ein <strong>Unterkunft von 25m²</strong> zwischen einem Mobilheim und einer Zeltplane. Ausgestattet mit einer <strong>Küchenzeile,</strong> von <strong>zwei Zimmer</strong> mit Doppelbett und Ausziehbett, einer <strong>überdachte Terrasse</strong> und einem <strong>Gartenmöbel</strong>, Sie werden dort eine angenehme Zeit verbringen. Ihre einfache und praktische Ferienvermietung für Ihren Aufenthalt in Les 4 Vaulx en Bretagne.</p>



<p>Vom 01/05 bis zum 15/09 bestimmen Sie Ihren Ankunftstag und die Dauer Ihres Aufenthalts selbst. Ihre Wochenenden oder Kurzaufenthalte sind ab 2 Nächten und im Sommer ab 3 Nächten möglich.</p>



<p></p>



<div class="wp-block-group alignwide is-layout-flow wp-block-group-is-layout-flow"></div>
</div><figure class="wp-block-media-text__media"><img loading="lazy" decoding="async" width="1024" height="683" src="https://www.mirabel-4vaulx.com/wp-content/uploads/2022/10/tithome-location-repos-1024x683.jpg" alt="tit home" class="wp-image-7634 size-full" style="object-position:50% 50%" srcset="https://www.mirabel-4vaulx.com/wp-content/uploads/2022/10/tithome-location-repos-1024x683.jpg 1024w, https://www.mirabel-4vaulx.com/wp-content/uploads/2022/10/tithome-location-repos-300x200.jpg 300w, https://www.mirabel-4vaulx.com/wp-content/uploads/2022/10/tithome-location-repos-768x512.jpg 768w, https://www.mirabel-4vaulx.com/wp-content/uploads/2022/10/tithome-location-repos.jpg 1200w" sizes="auto, (max-width: 1024px) 100vw, 1024px" /></figure></div>



<div style="height:46px" aria-hidden="true" class="wp-block-spacer"></div>



<h2 class="wp-block-heading">Vermietung von eingerichteten Zelten in den Côtes d'Armor</h2>



<figure class="wp-block-image size-full"><img loading="lazy" decoding="async" width="50" height="8" src="https://www.mirabel-4vaulx.com/wp-content/uploads/2022/11/barre-bleue.png" alt="camping bretagne saint cast le guildo" class="wp-image-8324"/></figure>


<p><ctv-availability data-product-id="78319" data-background-color="#FFFFFFFF" data-month="05"></ctv-availability></p>



<div style="height:30px" aria-hidden="true" class="wp-block-spacer"></div>



<div class="wp-block-columns is-layout-flex wp-container-core-columns-is-layout-28f84493 wp-block-columns-is-layout-flex">
<div class="wp-block-column has-white-color has-text-color is-layout-flow wp-block-column-is-layout-flow" id="options">
<div class="wp-block-group card h-100 pl-4 pr-4 pt-4 rounded-lg border border-info is-layout-flow wp-block-group-is-layout-flow">
<p class="has-text-align-left has-turquoise-color has-text-color has-medium-font-size"><img decoding="async" class="wp-image-1933" style="width: 50px;" src="https://www.campinglarenaudiere.com/wp-content/uploads/2021/12/etoile.png" alt="Stern">   &nbsp;      <strong>OPTIONAL</strong></p>



<figure class="wp-block-table text-left table-tarifs"><table class="has-turquoise-color has-text-color"><tbody><tr><td><mark style="background-color:rgba(0, 0, 0, 0)" class="has-inline-color has-orange-color"><strong><mark style="background-color:rgba(0, 0, 0, 0)" class="has-inline-color has-orange-color">•</mark> </strong> </mark><strong>Bettlaken mieten</strong>s</td><td class="has-text-align-left" data-align="left"><strong>12€/15€</strong>                 </td></tr><tr><td><strong> <mark style="background-color:rgba(0, 0, 0, 0)" class="has-inline-color has-orange-color">•</mark> </strong> <strong>Verleih von Babyausstattungen<br></strong><em>(Kinderbett, Töpfchen, Badewanne und Hochstuhl) </em></td><td class="has-text-align-left" data-align="left"><strong>3€/Tag</strong></td></tr><tr><td><strong> <mark style="background-color:rgba(0, 0, 0, 0)" class="has-inline-color has-orange-color">•</mark> </strong> <strong>Haustiere akzeptiert  <em><br></em></strong><em>(Katze und Hunde, außer Kat 1 und 2, </em><br><em>maximal 2 pro Stellplatz)</em> </td><td class="has-text-align-left" data-align="left"><strong>3€/Nacht</strong><br></td></tr><tr><td><strong><mark style="background-color:rgba(0, 0, 0, 0)" class="has-inline-color has-orange-color"> •</mark> Zusätzliches Fahrzeug</strong></td><td class="has-text-align-left" data-align="left"><strong>3€/Tag</strong></td></tr><tr><td><strong> <mark style="background-color:rgba(0, 0, 0, 0)" class="has-inline-color has-orange-color">•</mark> Kassettenentleerung Wohnmobil</strong></td><td class="has-text-align-left" data-align="left"><strong>5€</strong></td></tr></tbody></table></figure>
</div>
</div>



<div class="wp-block-column is-vertically-aligned-top has-orange-color has-white-color has-text-color is-layout-flow wp-block-column-is-layout-flow">
<div class="wp-block-cover aligncenter card h-100 pl-4 pr-4 pt-4 rounded-lg border border-info"><img decoding="async" class="wp-block-cover__image-background wp-image-1376" alt="" src="https://www.campinglarenaudiere.com/wp-content/uploads/2022/01/services-camping-Pornic.jpg" style="object-position:61% 50%" data-object-fit="cover" data-object-position="61% 50%"/><span aria-hidden="true" class="wp-block-cover__background has-turquoise-background-color has-background-dim-80 has-background-dim"></span><div class="wp-block-cover__inner-container is-layout-flow wp-block-cover-is-layout-flow">
<p class="has-medium-font-size"><img decoding="async" class="wp-image-1977" style="width: 70px;" src="https://www.campinglarenaudiere.com/wp-content/uploads/2021/12/smile-blanc.png" alt="">    &nbsp;  <strong>PRAXIS</strong></p>



<div style="height:18px" aria-hidden="true" class="wp-block-spacer"></div>



<p class="wp-block-sev-picto-text"><i class="fa fa-calendar-alt"></i><span>Reservierung für mindestens 2 Nächte in der Nebensaison und mindestens 3 Nächte im Juli und August</span></p>



<p class="wp-block-sev-picto-text"><i class="fa fa-clock"></i><span>Anreise ab 15 Uhr und Abreise bis 10 Uhr für Mietobjekte</span></p>



<div style="height:18px" aria-hidden="true" class="wp-block-spacer"></div>



<p class="has-text-align-center"><strong>Öffnungszeiten der Rezeption </strong> <br><img decoding="async" class="wp-image-4325" style="width: 49px;" src="https://www.campinglarenaudiere.com/wp-content/uploads/2021/12/barre-camping-1.png" alt=""> </p>



<p class="has-text-align-center">Nebensaison: 10:00 bis 12:00 Uhr und 14:00 bis 18:00 Uhr<br>Juli - August<em>&nbsp;</em>: 9h bis 12h und 14h bis 19h</p>



<p></p>
</div></div>
</div>
</div>



<p></p>



<p class="has-text-align-center texte-rond mt-5 has-large-font-size">Was es auf dem Campingplatz zu entdecken gibt</p>



<div class="wp-block-columns are-vertically-aligned-center h-20 front-page-section grey is-layout-flex wp-container-core-columns-is-layout-28f84493 wp-block-columns-is-layout-flex">
<div class="wp-block-column is-layout-flow wp-block-column-is-layout-flow"></div>



<div class="wp-block-column is-layout-flow wp-block-column-is-layout-flow">
<div class="wp-block-create-block-sevgutenberg-navigation"><aside class="encart-sev-navigation small carre"><a href="https://www.mirabel-4vaulx.com/de/restaurant-bar-snack/" class="d-flex flex-column align-items-center"><div class="encart-title"><span>Restaurant Brasserie</span></div><div class="vague"></div><img decoding="async" src="https://www.mirabel-4vaulx.com/wp-content/uploads/2022/10/la-cabane-viande-plat-frites.jpg" alt="flach die Hütte"/><div class="ligne"></div><div class="hover"></div></a></aside></div>
</div>



<div class="wp-block-column is-vertically-aligned-center is-layout-flow wp-block-column-is-layout-flow">
<div class="wp-block-create-block-sevgutenberg-navigation"><aside class="encart-sev-navigation small carre"><a href="https://www.mirabel-4vaulx.com/de/campingdienste/" class="d-flex flex-column align-items-center"><div class="encart-title"><span>Dienste</span></div><div class="vague"></div><img decoding="async" src="https://www.mirabel-4vaulx.com/wp-content/uploads/2022/10/information-touristiques-accueil.jpg" alt="Touristeninformationen"/><div class="ligne"></div><div class="hover"></div></a></aside></div>
</div>



<div class="wp-block-column is-vertically-aligned-center is-layout-flow wp-block-column-is-layout-flow">
<div class="wp-block-create-block-sevgutenberg-navigation"><aside class="encart-sev-navigation small carre"><a href="https://www.mirabel-4vaulx.com/de/die-erfahrungen/" class="d-flex flex-column align-items-center"><div class="encart-title"><span>Erfahrungen</span></div><div class="vague"></div><img decoding="async" src="https://www.mirabel-4vaulx.com/wp-content/uploads/2022/10/2-peche-a-pied-enfant-balade-1.jpg" alt="Angeln"/><div class="ligne"></div><div class="hover"></div></a></aside></div>
</div>



<div class="wp-block-column is-layout-flow wp-block-column-is-layout-flow"></div>
</div>

<p>Le Tit’Home, la location de vacances à Saint-Cast-le-Guildo Pour un séjour réussi dans les Côtes d’Armor, choisissez la location de [&hellip;]</p>

Tit'home au camping les 4 Vaulx côte d'Armor

Partez en tente aménagée à Saint Cast le Guildo pour des vacances en camping au bord de la plage des 4 Vaulx. Nature, pêche et restaurant au pied du camping.
